02-25 12:46:59.218: D/ActivityManager(1372): Starting: Intent { act=android.intent.action.MAIN cat=[android.intent.category.LAUNCHER] flg=0x10200000 pkg=com.appcelerator.kitchensinknook cmp=com.appcelerator.kitchensinknook/.KitchensinkNookActivity } from pid 7136
02-25 12:46:59.359: D/dalvikvm(1372): GC_EXTERNAL_ALLOC freed 120K, 51% free 5707K/11591K, external 5114K/6386K, paused 121ms
02-25 12:46:59.429: I/TiRootActivity(7342): (main) [0,0] checkpoint, on root activity create, savedInstanceState: null
02-25 12:46:59.804: I/LAB126(1439): StatusBarService hears intent. action: com.lab126.intent.TOP_WINDOW_CHANGED
02-25 12:46:59.804: I/LAB126(1439): window changed
02-25 12:46:59.804: I/LAB126(1439): don't set softkey config for 'Starting...' window
02-25 12:47:00.031: W/TiApplication(7342): (KrollRuntimeThread) [601,601] Registering module with name already in use.
02-25 12:47:00.031: E/TiApplication(7342): (KrollRuntimeThread) [0,601] APP PROXY: ti.modules.titanium.app.AppModule@40eb7458
02-25 12:47:00.429: D/ActivityManager(1372): Starting: Intent { cmp=com.appcelerator.kitchensinknook/ti.modules.titanium.ui.TiTabActivity (has extras) } from pid 7342
02-25 12:47:00.726: D/dalvikvm(7342): GC_EXTERNAL_ALLOC freed 449K, 30% free 10918K/15495K, external 1548K/2060K, paused 262ms
02-25 12:47:00.937: I/TiRootActivity(7342): (main) [0,0] checkpoint, on root activity resume. activity = com.appcelerator.kitchensinknook.KitchensinkNookActivity@405803f0
02-25 12:47:00.937: W/ActivityManager(1372): Activity pause timeout for HistoryRecord{406f4770 com.appcelerator.kitchensinknook/.KitchensinkNookActivity}
02-25 12:47:00.992: V/DeviceStorageMonitorService(1372): mTotalMemory is 11734999
02-25 12:47:04.101: W/TiTabActivity(7342): (main) [3166,3166] Notifying TiTabGroup, activity is created
02-25 12:47:05.625: D/TiUIView(7342): (main) [1526,4692] Nativeview is null
02-25 12:47:07.210: D/Window(7342): Loading window with URL: main_windows/base_ui.js
02-25 12:47:07.226: D/Module(7342): Loading module: main_windows/base_ui -> Resources/main_windows/base_ui.js
02-25 12:47:09.226: W/ActivityManager(1372): Launch timeout has expired, giving up wake lock!
02-25 12:47:09.429: W/ActivityManager(1372): Activity idle timeout for HistoryRecord{406f4770 com.appcelerator.kitchensinknook/.KitchensinkNookActivity}
02-25 12:47:10.945: W/ActivityManager(1372): Activity idle timeout for HistoryRecord{4074d560 com.appcelerator.kitchensinknook/ti.modules.titanium.ui.TiTabActivity}
02-25 12:47:15.257: W/InputManagerService(1372): Starting input on non-focused client com.android.internal.view.IInputMethodClient$Stub$Proxy@406f2bd8 (uid=32009 pid=7136)
02-25 12:47:15.320: I/ActivityManager(1372): Displayed com.appcelerator.kitchensinknook/ti.modules.titanium.ui.TiTabActivity: +14s383ms (total +15s906ms)
02-25 12:47:15.328: D/TiUIView(7342): (main) [9702,14394] Nativeview is null
02-25 12:47:15.335: I/LAB126(1439): StatusBarService hears intent. action: com.lab126.intent.TOP_WINDOW_CHANGED
02-25 12:47:15.335: I/LAB126(1439): window changed
02-25 12:47:18.398: D/TiUIView(7342): (main) [3072,17466] Nativeview is null
02-25 12:47:19.953: D/Window(7342): Loading window with URL: main_windows/controls.js
02-25 12:47:19.960: D/Module(7342): Loading module: main_windows/controls -> Resources/main_windows/controls.js
02-25 12:47:22.125: D/TiUIView(7342): (main) [3728,21194] Nativeview is null
02-25 12:47:26.585: D/ActivityManager(1372): Starting: Intent { cmp=com.appcelerator.kitchensinknook/org.appcelerator.titanium.TiActivity (has extras) } from pid 7342
02-25 12:47:28.156: D/Window(7342): Loading window with URL: ../examples/picker.js
02-25 12:47:28.164: D/Module(7342): Loading module: ../examples/picker -> Resources/examples/picker.js
02-25 12:47:31.476: D/TiUIView(7342): (main) [9346,30540] Nativeview is null
02-25 12:47:31.523: D/TiUIView(7342): (main) [50,30590] Nativeview is null
02-25 12:47:31.546: W/TiAnalyticsSvc(7342): (Thread-48) [24,30614] Analytics Service Started
02-25 12:47:31.578: I/LAB126(1439): StatusBarService hears intent. action: com.lab126.intent.TOP_WINDOW_CHANGED
02-25 12:47:31.578: I/LAB126(1439): window changed
02-25 12:47:31.656: I/TiAnalyticsSvc(7342): (Thread-48) [104,30718] Sending 2 analytics events.
02-25 12:47:31.757: I/ActivityManager(1372): Displayed com.appcelerator.kitchensinknook/org.appcelerator.titanium.TiActivity: +5s164ms
02-25 12:47:32.890: W/TiAnalyticsSvc(7342): (Thread-48) [1234,31952] Stopping Analytics Service
02-25 12:47:34.679: D/LAB126(1439): got back button softkey click!
02-25 12:47:34.679: D/LAB126(1439): collapse because of back button
02-25 12:47:34.679: D/LAB126(1439): collapse softkeys
02-25 12:47:34.687: W/KeyCharacterMap(7342): No keyboard for id 0
02-25 12:47:34.687: W/KeyCharacterMap(7342): Using default keymap: /system/usr/keychars/qwerty.kcm.bin
02-25 12:47:35.210: W/ActivityManager(1372): Activity pause timeout for HistoryRecord{40745238 com.appcelerator.kitchensinknook/org.appcelerator.titanium.TiActivity}
02-25 12:47:37.859: D/dalvikvm(1372): GC_CONCURRENT freed 1912K, 50% free 5800K/11591K, external 5780K/7280K, paused 3ms+4ms
02-25 12:47:38.054: D/dalvikvm(1372): GC_CONCURRENT freed 2038K, 51% free 5765K/11591K, external 5114K/6386K, paused 2ms+3ms
02-25 12:47:38.210: D/dalvikvm(1372): GC_CONCURRENT freed 2041K, 51% free 5771K/11591K, external 5114K/6386K, paused 2ms+5ms
02-25 12:47:38.398: D/dalvikvm(1372): GC_CONCURRENT freed 2024K, 51% free 5784K/11591K, external 5114K/6386K, paused 2ms+4ms
02-25 12:47:38.578: D/dalvikvm(1372): GC_CONCURRENT freed 2065K, 51% free 5767K/11591K, external 5114K/6386K, paused 3ms+5ms
02-25 12:47:38.742: D/dalvikvm(1372): GC_CONCURRENT freed 2015K, 51% free 5795K/11591K, external 5114K/6386K, paused 3ms+4ms
02-25 12:47:38.859: D/dalvikvm(1372): GC_CONCURRENT freed 2095K, 51% free 5745K/11591K, external 5114K/6386K, paused 3ms+4ms
02-25 12:47:38.953: D/dalvikvm(1372): GC_CONCURRENT freed 2005K, 51% free 5780K/11591K, external 5114K/6386K, paused 2ms+4ms
02-25 12:47:44.265: E/TiBaseActivity(7342): (main) [11376,43328] Layout cleanup.
02-25 12:47:44.320: I/LAB126(1439): StatusBarService hears intent. action: com.lab126.intent.TOP_WINDOW_CHANGED
02-25 12:47:44.320: I/LAB126(1439): window changed
02-25 12:47:51.414: D/TiUIView(7342): (main) [7151,50479] Nativeview is null
02-25 12:47:53.257: D/Window(7342): Loading window with URL: main_windows/phone.js
02-25 12:47:53.265: D/Module(7342): Loading module: main_windows/phone -> Resources/main_windows/phone.js
02-25 12:47:54.937: W/ProcessStats(1372): Skipping unknown process pid 8482
02-25 12:47:56.640: D/TiUIView(7342): (main) [5228,55707] Nativeview is null
02-25 12:48:01.000: V/DeviceStorageMonitorService(1372): mTotalMemory is 11734999
02-25 12:48:06.710: D/ActivityManager(1372): Starting: Intent { cmp=com.appcelerator.kitchensinknook/org.appcelerator.titanium.TiActivity (has extras) } from pid 7342
02-25 12:48:08.312: D/Window(7342): Loading window with URL: ../examples/movie_local.js
02-25 12:48:08.320: D/Module(7342): Loading module: ../examples/movie_local -> Resources/examples/movie_local.js
02-25 12:48:10.031: W/ProcessStats(1372): Skipping unknown process pid 8485
02-25 12:48:13.250: D/TiUIView(7342): (main) [16607,72314] Nativeview is null
02-25 12:48:13.250: W/VideoPlayerProxy(7342): (main) [1,72315] Player action ignored; player has not been created.
02-25 12:48:15.062: W/ProcessStats(1372): Skipping unknown process pid 8486
02-25 12:48:16.476: D/TiUIView(7342): (main) [3225,75540] Nativeview is null
02-25 12:48:16.507: I/LAB126(1439): StatusBarService hears intent. action: com.lab126.intent.TOP_WINDOW_CHANGED
02-25 12:48:16.507: I/LAB126(1439): window changed
02-25 12:48:16.687: I/ActivityManager(1372): Displayed com.appcelerator.kitchensinknook/org.appcelerator.titanium.TiActivity: +9s583ms
02-25 12:48:23.585: D/LAB126(1439): got back button softkey click!
02-25 12:48:23.585: D/LAB126(1439): collapse because of back button
02-25 12:48:23.585: D/LAB126(1439): collapse softkeys
02-25 12:48:23.609: W/VideoPlayerProxy(7342): (main) [7138,82678] Player action ignored; player has not been created.
02-25 12:48:24.109: W/ActivityManager(1372): Activity pause timeout for HistoryRecord{40688d30 com.appcelerator.kitchensinknook/org.appcelerator.titanium.TiActivity}
02-25 12:48:33.085: E/TiBaseActivity(7342): (main) [9471,92149] Layout cleanup.
02-25 12:48:33.140: I/LAB126(1439): StatusBarService hears intent. action: com.lab126.intent.TOP_WINDOW_CHANGED
02-25 12:48:33.140: I/LAB126(1439): window changed
02-25 12:48:37.382: D/ActivityManager(1372): Starting: Intent { cmp=com.appcelerator.kitchensinknook/org.appcelerator.titanium.TiActivity (has extras) } from pid 7342
02-25 12:48:37.882: W/ActivityManager(1372): Activity pause timeout for HistoryRecord{4074d560 com.appcelerator.kitchensinknook/ti.modules.titanium.ui.TiTabActivity}
02-25 12:48:39.171: D/dalvikvm(1372): GC_CONCURRENT freed 1940K, 50% free 5807K/11591K, external 5114K/6386K, paused 2ms+4ms
02-25 12:48:39.375: D/dalvikvm(1372): GC_CONCURRENT freed 2094K, 51% free 5760K/11591K, external 5114K/6386K, paused 3ms+4ms
02-25 12:48:39.406: I/WindowManager(1372): Setting rotation to 3, animFlags=0
02-25 12:48:39.414: I/ActivityManager(1372): Config changed: { scale=1.0 imsi=0/0 loc=en_US touch=3 keys=1/1/2 nav=1/1 orien=2 layout=268435491 uiMode=17 seq=75}
02-25 12:48:39.437: D/LatinKeyboard(1447): Setting IME options
02-25 12:48:39.554: D/IconMerger(1439): notification for com.android.systemui (1)
02-25 12:48:39.554: D/IconMerger(1439): sum of notifications: 1
02-25 12:48:39.726: D/dalvikvm(1372): GC_CONCURRENT freed 2033K, 51% free 5775K/11591K, external 5114K/6386K, paused 3ms+4ms
02-25 12:48:39.921: D/dalvikvm(1372): GC_CONCURRENT freed 2064K, 51% free 5759K/11591K, external 5114K/6386K, paused 3ms+4ms
02-25 12:48:40.117: D/dalvikvm(1372): GC_CONCURRENT freed 2046K, 51% free 5759K/11591K, external 5114K/6386K, paused 3ms+4ms
02-25 12:48:40.304: D/dalvikvm(1372): GC_CONCURRENT freed 2013K, 51% free 5788K/11591K, external 5114K/6386K, paused 2ms+4ms
02-25 12:48:40.492: D/dalvikvm(1372): GC_CONCURRENT freed 2052K, 51% free 5775K/11591K, external 5114K/6386K, paused 3ms+5ms
02-25 12:48:40.593: D/Window(7342): Loading window with URL: ../examples/sound.js
02-25 12:48:40.601: D/Module(7342): Loading module: ../examples/sound -> Resources/examples/sound.js
02-25 12:48:40.609: D/dalvikvm(1372): GC_CONCURRENT freed 2025K, 51% free 5782K/11591K, external 5114K/6386K, paused 3ms+5ms
02-25 12:48:40.914: D/dalvikvm(7342): GC_CONCURRENT freed 1524K, 26% free 11690K/15687K, external 2389K/3715K, paused 2ms+16ms
02-25 12:48:40.945: D/dalvikvm(1372): GC_EXPLICIT freed 1038K, 51% free 5702K/11591K, external 5114K/6386K, paused 90ms
02-25 12:48:40.945: I/WindowManager(1372): Setting rotation to 1, animFlags=0
02-25 12:48:41.296: I/WindowManager(1372): Setting rotation to 2, animFlags=0
02-25 12:48:41.304: I/ActivityManager(1372): Config changed: { scale=1.0 imsi=0/0 loc=en_US touch=3 keys=1/1/2 nav=1/1 orien=1 layout=268435491 uiMode=17 seq=76}
02-25 12:48:41.406: D/dalvikvm(1447): GC_EXTERNAL_ALLOC freed 167K, 52% free 2983K/6151K, external 3385K/3387K, paused 94ms
02-25 12:48:41.429: D/IconMerger(1439): notification for com.android.systemui (1)
02-25 12:48:41.429: D/IconMerger(1439): sum of notifications: 1
02-25 12:48:41.476: D/LatinKeyboard(1447): Setting IME options
02-25 12:48:43.507: D/dalvikvm(1372): GC_EXPLICIT freed 15K, 51% free 5695K/11591K, external 5114K/6386K, paused 55ms
02-25 12:48:45.570: D/TiUIView(7342): (main) [12490,104639] Nativeview is null
02-25 12:48:45.609: D/TiUIView(7342): (main) [38,104677] Nativeview is null
02-25 12:48:45.648: I/ActivityManager(1372): Displayed com.appcelerator.kitchensinknook/org.appcelerator.titanium.TiActivity: +7s762ms
02-25 12:48:45.648: I/LAB126(1439): StatusBarService hears intent. action: com.lab126.intent.TOP_WINDOW_CHANGED
02-25 12:48:45.648: I/LAB126(1439): window changed
02-25 12:48:47.218: D/ActivityManager(1372): Starting: Intent { cmp=com.appcelerator.kitchensinknook/org.appcelerator.titanium.TiActivity (has extras) } from pid 7342
02-25 12:48:47.617: D/Window(7342): Loading window with URL: ../examples/sound_local.js
02-25 12:48:47.617: D/Module(7342): Loading module: ../examples/sound_local -> Resources/examples/sound_local.js
02-25 12:48:49.593: D/TiUIView(7342): (main) [3982,108659] Nativeview is null
02-25 12:48:49.617: D/TiUIView(7342): (main) [22,108681] Nativeview is null
02-25 12:48:49.656: I/LAB126(1439): StatusBarService hears intent. action: com.lab126.intent.TOP_WINDOW_CHANGED
02-25 12:48:49.656: I/LAB126(1439): window changed
02-25 12:48:49.828: I/ActivityManager(1372): Displayed com.appcelerator.kitchensinknook/org.appcelerator.titanium.TiActivity: +2s605ms
02-25 12:48:52.890: W/ASFDummyExtractor(1291): ASF parser is not available
02-25 12:48:52.890: E/MPEG4Extractor(1291): both mdat,ftyp not found
02-25 12:48:52.906: I/TiAPI(7342): time 0
02-25 12:48:52.914: D/AudioResampler(1291): forcing AudioResampler quality to 2
02-25 12:48:52.914: D/Omap4ALSA(1291): open called for devices 00000002 in mode 0 channels 00000000...
02-25 12:48:52.984: I/Omap4ALSA(1291): Using ping-pong!
02-25 12:48:52.984: I/Omap4ALSA(1291): Buffer size: 4096
02-25 12:48:52.984: I/Omap4ALSA(1291): Latency: 92879
02-25 12:48:53.046: I/Omap4ALSA(1291): Initialized ALSA PLAYBACK device 'plughw:0,0'
02-25 12:48:53.046: E/AudioHardwareALSA(1291): RE-OPEN AFTER STANDBY:: took 134 msecs
02-25 12:48:54.515: I/TiAPI(7342): time 1486
02-25 12:48:55.562: D/LAB126(1439): got back button softkey click!
02-25 12:48:55.562: D/LAB126(1439): collapse because of back button
02-25 12:48:55.562: D/LAB126(1439): collapse softkeys
02-25 12:48:55.570: W/KeyCharacterMap(7342): No keyboard for id 0
02-25 12:48:55.570: W/KeyCharacterMap(7342): Using default keymap: /system/usr/keychars/qwerty.kcm.bin
02-25 12:48:56.140: I/TiAPI(7342): time 2973
02-25 12:48:56.648: W/ActivityManager(1372): Activity pause timeout for HistoryRecord{4072d668 com.appcelerator.kitchensinknook/org.appcelerator.titanium.TiActivity}
02-25 12:49:00.960: E/Omap4ALSA(1291): called drain&close
02-25 12:49:00.992: V/DeviceStorageMonitorService(1372): mTotalMemory is 11734999
02-25 12:49:01.054: I/LAB126(1439): StatusBarService hears intent. action: com.lab126.intent.TOP_WINDOW_CHANGED
02-25 12:49:01.054: I/LAB126(1439): window changed
02-25 12:49:01.460: V/WifiMonitor(1372): Event [CTRL-EVENT-DISCONNECTED - Disconnect event - remove keys]
02-25 12:49:01.460: V/WifiStateTracker(1372): New network state is DISCONNECTED
02-25 12:49:01.460: V/WifiMonitor(1372): Event [CTRL-EVENT-STATE-CHANGE id=0 state=0 BSSID=00:00:00:00:00:00]
02-25 12:49:01.460: V/WifiStateTracker(1372): Changing supplicant state: COMPLETED ==> DISCONNECTED
02-25 12:49:01.468: I/MailService(7184): connected: network state is CONNECTED, is available is true
02-25 12:49:01.468: I/MailService(7184): connected: AutoSync help is available, autoSync = true
02-25 12:49:01.476: I/MailService(7184): connected: wifi -200
02-25 12:49:01.476: I/MailService(7184): connected: final hasConnectivity is false
02-25 12:49:01.476: I/MailService(7184): reset next check to -1.
02-25 12:49:01.476: I/MailService(7184): MailService.onStart(Intent { act=com.amazon.email.intent.action.MAIL_SERVICE_CONNECTIVITY_CHANGE cmp=com.amazon.email/.service.MailService }, 1), hasConnectivity = false, doBackground = true
02-25 12:49:01.554: V/WifiMonitor(1372): Event [CTRL-EVENT-STATE-CHANGE id=0 state=2 BSSID=00:00:00:00:00:00]
02-25 12:49:01.562: V/WifiStateTracker(1372): Changing supplicant state: DISCONNECTED ==> SCANNING
02-25 12:49:01.562: I/MailService(7184): connected: network state is CONNECTED, is available is true
02-25 12:49:01.562: I/MailService(7184): connected: AutoSync help is available, autoSync = true
02-25 12:49:01.570: I/MailService(7184): connected: wifi -200
02-25 12:49:01.570: I/MailService(7184): connected: final hasConnectivity is false
02-25 12:49:01.570: I/MailService(7184): reset next check to -1.
02-25 12:49:01.570: I/MailService(7184): MailService.onStart(Intent { act=com.amazon.email.intent.action.MAIL_SERVICE_CONNECTIVITY_CHANGE cmp=com.amazon.email/.service.MailService }, 2), hasConnectivity = false, doBackground = true
02-25 12:49:02.140: V/WifiMonitor(1372): Event [Trying to associate with 00:00:00:00:c8:32 (SSID='f726f83774fbc40cf57292e223b621ee' freq=2462 MHz rssi=-68)]
02-25 12:49:02.140: V/WifiMonitor(1372): Event [CTRL-EVENT-STATE-CHANGE id=0 state=3 BSSID=00:00:00:00:c8:32]
02-25 12:49:02.140: V/WifiStateTracker(1372): Changing supplicant state: SCANNING ==> ASSOCIATING
02-25 12:49:02.156: I/MailService(7184): connected: network state is CONNECTED, is available is true
02-25 12:49:02.156: I/MailService(7184): connected: AutoSync help is available, autoSync = true
02-25 12:49:02.164: V/WifiMonitor(1372): Event [CTRL-EVENT-STATE-CHANGE id=0 state=4 BSSID=00:00:00:00:c8:32]
02-25 12:49:02.164: V/WifiStateTracker(1372): Changing supplicant state: ASSOCIATING ==> ASSOCIATED
02-25 12:49:02.164: V/WifiMonitor(1372): Event [Associated with 00:00:00:00:c8:32]
02-25 12:49:02.171: V/WifiMonitor(1372): Event [CTRL-EVENT-STATE-CHANGE id=0 state=5 BSSID=00:00:00:00:00:00]
02-25 12:49:02.171: V/WifiStateTracker(1372): Changing supplicant state: ASSOCIATED ==> FOUR_WAY_HANDSHAKE
02-25 12:49:02.171: I/MailService(7184): connected: wifi 0
02-25 12:49:02.179: I/MailService(7184): connected: final hasConnectivity is false
02-25 12:49:02.179: I/MailService(7184): reset next check to -1.
02-25 12:49:02.179: I/MailService(7184): MailService.onStart(Intent { act=com.amazon.email.intent.action.MAIL_SERVICE_CONNECTIVITY_CHANGE cmp=com.amazon.email/.service.MailService }, 3), hasConnectivity = false, doBackground = true
02-25 12:49:02.179: V/WifiMonitor(1372): Event [CTRL-EVENT-STATE-CHANGE id=0 state=5 BSSID=00:00:00:00:00:00]
02-25 12:49:02.179: V/WifiStateTracker(1372): Changing supplicant state: FOUR_WAY_HANDSHAKE ==> FOUR_WAY_HANDSHAKE
02-25 12:49:02.187: V/WifiMonitor(1372): Event [CTRL-EVENT-STATE-CHANGE id=0 state=6 BSSID=00:00:00:00:00:00]
02-25 12:49:02.187: V/WifiStateTracker(1372): Changing supplicant state: FOUR_WAY_HANDSHAKE ==> GROUP_HANDSHAKE
02-25 12:49:02.195: V/WifiMonitor(1372): Event [WPA: Key negotiation completed with 00:00:00:00:c8:32 [PTK=CCMP GTK=CCMP]]
02-25 12:49:02.195: V/WifiMonitor(1372): Event [CTRL-EVENT-STATE-CHANGE id=0 state=7 BSSID=00:00:00:00:00:00]
02-25 12:49:02.203: V/WifiStateTracker(1372): Changing supplicant state: GROUP_HANDSHAKE ==> COMPLETED
02-25 12:49:02.203: V/WifiMonitor(1372): Event [CTRL-EVENT-CONNECTED - Connection to 00:00:00:00:c8:32 completed (reauth) [id=0 id_str=]]
02-25 12:49:02.203: V/WifiStateTracker(1372): New network state is CONNECTED
02-25 12:49:02.281: D/WifiStateTracker(1372): Reset connections and stopping DHCP
02-25 12:49:02.304: I/MailService(7184): connected: network state is CONNECTED, is available is true
02-25 12:49:02.304: I/MailService(7184): connected: AutoSync help is available, autoSync = true
02-25 12:49:02.312: I/MailService(7184): connected: wifi -70
02-25 12:49:02.312: I/MailService(7184): connected: final hasConnectivity is true
02-25 12:49:02.312: I/MailService(7184): MailService.onStart(Intent { act=com.amazon.email.intent.action.MAIL_SERVICE_CONNECTIVITY_CHANGE cmp=com.amazon.email/.service.MailService }, 4), hasConnectivity = true, doBackground = true
02-25 12:49:02.335: I/MailService(7184): connected: network state is CONNECTED, is available is true
02-25 12:49:02.335: I/MailService(7184): connected: AutoSync help is available, autoSync = true
02-25 12:49:02.343: I/MailService(7184): connected: wifi -70
02-25 12:49:02.343: I/MailService(7184): connected: final hasConnectivity is true
02-25 12:49:02.343: I/MailService(7184): MailService.onStart(Intent { act=com.amazon.email.intent.action.MAIL_SERVICE_CONNECTIVITY_CHANGE cmp=com.amazon.email/.service.MailService }, 5), hasConnectivity = true, doBackground = true
02-25 12:49:02.351: I/MailService(7184): connected: network state is CONNECTED, is available is true
02-25 12:49:02.351: I/MailService(7184): connected: AutoSync help is available, autoSync = true
02-25 12:49:02.359: I/MailService(7184): connected: wifi -70
02-25 12:49:02.359: I/MailService(7184): connected: final hasConnectivity is true
02-25 12:49:02.359: I/MailService(7184): MailService.onStart(Intent { act=com.amazon.email.intent.action.MAIL_SERVICE_CONNECTIVITY_CHANGE cmp=com.amazon.email/.service.MailService }, 6), hasConnectivity = true, doBackground = true
02-25 12:49:02.656: W/BluetoothHeadset(1372): Proxy not attached to service
02-25 12:49:02.656: W/BluetoothHeadset(1372): Proxy not attached to service
02-25 12:49:02.664: D/WifiStateTracker(1372): DHCP request started
02-25 12:49:03.140: D/WifiStateTracker(1372): DHCP succeeded with lease: 86400
02-25 12:49:03.148: V/WifiStateTracker(1372): IP configuration: ipaddr c9f40a98abd7c4bb86483a791f1a59fe gateway ef732347a3b80e1044239931cb334014 netmask ed3bdde9befbd395a8ca72c27662afa5 dns1 1f02a01daf67fdc770c040c348975477 dns2 5cdc1ecb5d38eabba89b6664197e20c7 DHCP server e602dc19c659395718beca6059907cc1 lease 86400 seconds
02-25 12:49:03.148: D/WifiWatchdogService(1372): (android.server.ServerThread) 00:00:00:00:c8:32 does not require the watchdog
02-25 12:49:03.156: I/StatusBarPolicy(1439): updateConnectivity: inetCondition = 0
02-25 12:49:03.171: I/CaptiveWifiService(1372): Connectivity action change network
02-25 12:49:03.171: D/Tethering(1372): MasterInitialState.processMessage what=3
02-25 12:49:03.179: I/System.out(1638): got connection! android.net.conn.CONNECTIVITY_CHANGE
02-25 12:49:03.242: I/MailService(7184): connected: network state is CONNECTED, is available is true
02-25 12:49:03.242: I/MailService(7184): connected: AutoSync help is available, autoSync = true
02-25 12:49:03.250: I/MailService(7184): connected: wifi -70
02-25 12:49:03.250: I/MailService(7184): connected: final hasConnectivity is true
02-25 12:49:03.250: I/MailService(7184): MailService.onStart(Intent { act=com.amazon.email.intent.action.MAIL_SERVICE_CONNECTIVITY_CHANGE cmp=com.amazon.email/.service.MailService (has extras) }, 1), hasConnectivity = true, doBackground = true
02-25 12:49:03.343: I/CaptiveWifiService(1372): Connected to Internet
02-25 12:49:03.859: I/ConnectivityService(1372): Sending INET_CONDITION_ACTION broadcast
02-25 12:49:03.859: I/StatusBarPolicy(1439): updateConnectivity: inetCondition = 1
02-25 12:49:05.070: E/TiBaseActivity(7342): (main) [15454,124135] Layout cleanup.
02-25 12:49:06.484: D/ActivityManager(1372): Starting: Intent { cmp=com.appcelerator.kitchensinknook/org.appcelerator.titanium.TiActivity (has extras) } from pid 7342
02-25 12:49:08.406: D/Window(7342): Loading window with URL: ../examples/sound_file.js
02-25 12:49:08.414: D/Module(7342): Loading module: ../examples/sound_file -> Resources/examples/sound_file.js
02-25 12:49:12.921: D/TiUIView(7342): (main) [7849,131984] Nativeview is null
02-25 12:49:14.187: D/TiUIView(7342): (main) [1263,133247] Nativeview is null
02-25 12:49:14.218: I/LAB126(1439): StatusBarService hears intent. action: com.lab126.intent.TOP_WINDOW_CHANGED
02-25 12:49:14.218: I/LAB126(1439): window changed
02-25 12:49:14.398: I/ActivityManager(1372): Displayed com.appcelerator.kitchensinknook/org.appcelerator.titanium.TiActivity: +7s906ms
02-25 12:49:27.992: W/ASFDummyExtractor(1291): ASF parser is not available
02-25 12:49:27.992: E/MPEG4Extractor(1291): both mdat,ftyp not found
02-25 12:49:28.000: D/AudioResampler(1291): forcing AudioResampler quality to 2
02-25 12:49:28.000: D/Omap4ALSA(1291): open called for devices 00000002 in mode 0 channels 00000000...
02-25 12:49:28.023: I/Omap4ALSA(1291): Using ping-pong!
02-25 12:49:28.023: I/Omap4ALSA(1291): Buffer size: 4096
02-25 12:49:28.023: I/Omap4ALSA(1291): Latency: 92879
02-25 12:49:28.078: I/Omap4ALSA(1291): Initialized ALSA PLAYBACK device 'plughw:0,0'
02-25 12:49:28.078: E/AudioHardwareALSA(1291): RE-OPEN AFTER STANDBY:: took 71 msecs
02-25 12:49:29.812: I/TiAPI(7342): time 1486
02-25 12:49:31.250: D/LAB126(1439): got menu button softkey click!
02-25 12:49:31.250: D/LAB126(1439): collapse because of menu
02-25 12:49:31.250: D/LAB126(1439): collapse softkeys
02-25 12:49:31.546: D/LAB126(1439): got back button softkey click!
02-25 12:49:31.546: D/LAB126(1439): collapse because of back button
02-25 12:49:31.546: D/LAB126(1439): collapse softkeys
02-25 12:49:31.750: I/TiAPI(7342): time 3251
02-25 12:49:32.257: W/ActivityManager(1372): Activity pause timeout for HistoryRecord{409ccfb8 com.appcelerator.kitchensinknook/org.appcelerator.titanium.TiActivity}
02-25 12:49:35.398: I/ChargeProtectionService(1372): Battery discharging, resuming charging
02-25 12:49:36.726: E/Omap4ALSA(1291): called drain&close
02-25 12:49:41.039: D/dalvikvm(1372): GC_CONCURRENT freed 1798K, 50% free 5855K/11591K, external 5114K/6386K, paused 3ms+13ms
02-25 12:49:41.250: E/TiBaseActivity(7342): (main) [27069,160316] Layout cleanup.
02-25 12:49:41.468: I/LAB126(1439): StatusBarService hears intent. action: com.lab126.intent.TOP_WINDOW_CHANGED
02-25 12:49:41.468: I/LAB126(1439): window changed
02-25 12:49:41.757: W/ActivityManager(1372): Launch timeout has expired, giving up wake lock!
02-25 12:49:43.257: D/ActivityManager(1372): Starting: Intent { cmp=com.appcelerator.kitchensinknook/org.appcelerator.titanium.TiActivity (has extras) } from pid 7342
02-25 12:49:43.757: W/ActivityManager(1372): Activity pause timeout for HistoryRecord{4082b798 com.appcelerator.kitchensinknook/org.appcelerator.titanium.TiActivity}
02-25 12:49:44.703: D/dalvikvm(1372): GC_CONCURRENT freed 2135K, 51% free 5767K/11591K, external 5114K/6386K, paused 2ms+12ms
02-25 12:49:46.835: D/dalvikvm(1372): GC_CONCURRENT freed 2043K, 51% free 5761K/11591K, external 5114K/6386K, paused 2ms+12ms
02-25 12:49:47.226: D/Window(7342): Loading window with URL: ../examples/sound_file.js
02-25 12:49:47.242: D/Module(7342): Loading module: ../examples/sound_file -> Resources/examples/sound_file.js
02-25 12:49:47.562: D/dalvikvm(1372): GC_CONCURRENT freed 2019K, 51% free 5774K/11591K, external 5114K/6386K, paused 3ms+4ms
02-25 12:49:47.773: D/dalvikvm(1372): GC_CONCURRENT freed 2024K, 50% free 5798K/11591K, external 5114K/6386K, paused 3ms+4ms
02-25 12:49:47.992: D/dalvikvm(1372): GC_CONCURRENT freed 2070K, 51% free 5774K/11591K, external 5114K/6386K, paused 3ms+5ms
02-25 12:49:48.164: D/dalvikvm(1372): GC_CONCURRENT freed 2063K, 51% free 5746K/11591K, external 5114K/6386K, paused 3ms+5ms
02-25 12:49:48.265: D/dalvikvm(1372): GC_CONCURRENT freed 2032K, 51% free 5754K/11591K, external 5114K/6386K, paused 3ms+4ms
02-25 12:49:49.640: D/TiUIView(7342): (main) [8390,168706] Nativeview is null
02-25 12:49:49.671: D/TiUIView(7342): (main) [32,168738] Nativeview is null
02-25 12:49:49.710: I/LAB126(1439): StatusBarService hears intent. action: com.lab126.intent.TOP_WINDOW_CHANGED
02-25 12:49:49.710: I/LAB126(1439): window changed
02-25 12:49:49.875: I/ActivityManager(1372): Displayed com.appcelerator.kitchensinknook/org.appcelerator.titanium.TiActivity: +6s118ms
02-25 12:49:55.054: W/ASFDummyExtractor(1291): ASF parser is not available
02-25 12:49:55.054: E/MPEG4Extractor(1291): both mdat,ftyp not found
02-25 12:49:55.062: I/TiAPI(7342): time 0
02-25 12:49:55.109: D/AudioResampler(1291): forcing AudioResampler quality to 2
02-25 12:49:55.109: D/Omap4ALSA(1291): open called for devices 00000002 in mode 0 channels 00000000...
02-25 12:49:55.117: I/Omap4ALSA(1291): Using ping-pong!
02-25 12:49:55.117: I/Omap4ALSA(1291): Buffer size: 4096
02-25 12:49:55.117: I/Omap4ALSA(1291): Latency: 92879
02-25 12:49:55.171: I/Omap4ALSA(1291): Initialized ALSA PLAYBACK device 'plughw:0,0'
02-25 12:49:55.171: E/AudioHardwareALSA(1291): RE-OPEN AFTER STANDBY:: took 61 msecs
02-25 12:49:56.742: I/TiAPI(7342): time 1579
02-25 12:49:57.640: D/LAB126(1439): got back button softkey click!
02-25 12:49:57.640: D/LAB126(1439): collapse because of back button
02-25 12:49:57.640: D/LAB126(1439): collapse softkeys
02-25 12:49:58.406: I/TiAPI(7342): time 3251
02-25 12:49:58.914: W/ActivityManager(1372): Activity pause timeout for HistoryRecord{40894de8 com.appcelerator.kitchensinknook/org.appcelerator.titanium.TiActivity}
02-25 12:49:59.453: I/WindowManager(1372): Setting rotation to 1, animFlags=0
02-25 12:49:59.476: I/ActivityManager(1372): Config changed: { scale=1.0 imsi=0/0 loc=en_US touch=3 keys=1/1/2 nav=1/1 orien=2 layout=268435491 uiMode=17 seq=77}
02-25 12:49:59.500: D/LatinKeyboard(1447): Setting IME options
02-25 12:49:59.632: D/IconMerger(1439): notification for com.android.systemui (1)
02-25 12:49:59.632: D/IconMerger(1439): sum of notifications: 1
02-25 12:50:00.437: I/WindowManager(1372): Setting rotation to 0, animFlags=0
02-25 12:50:00.460: I/ActivityManager(1372): Config changed: { scale=1.0 imsi=0/0 loc=en_US touch=3 keys=1/1/2 nav=1/1 orien=1 layout=268435491 uiMode=17 seq=78}
02-25 12:50:00.546: D/LatinKeyboard(1447): Setting IME options
02-25 12:50:00.609: D/IconMerger(1439): notification for com.android.systemui (1)
02-25 12:50:00.609: D/IconMerger(1439): sum of notifications: 1
02-25 12:50:00.945: D/dalvikvm(1372): GC_EXPLICIT freed 1661K, 51% free 5724K/11591K, external 5114K/6386K, paused 62ms
02-25 12:50:00.953: I/WindowManager(1372): Setting rotation to 3, animFlags=0
02-25 12:50:00.968: I/ActivityManager(1372): Config changed: { scale=1.0 imsi=0/0 loc=en_US touch=3 keys=1/1/2 nav=1/1 orien=2 layout=268435491 uiMode=17 seq=79}
02-25 12:50:01.015: V/DeviceStorageMonitorService(1372): mTotalMemory is 11734999
02-25 12:50:01.039: D/LatinKeyboard(1447): Setting IME options
02-25 12:50:01.078: D/dalvikvm(1447): GC_EXTERNAL_ALLOC freed 153K, 52% free 2971K/6151K, external 2738K/2742K, paused 41ms
02-25 12:50:01.132: D/IconMerger(1439): notification for com.android.systemui (1)
02-25 12:50:01.132: D/IconMerger(1439): sum of notifications: 1
02-25 12:50:02.757: D/dalvikvm(1372): GC_EXPLICIT freed 34K, 51% free 5699K/11591K, external 5114K/6386K, paused 54ms
02-25 12:50:02.765: I/WindowManager(1372): Setting rotation to 2, animFlags=0
02-25 12:50:02.781: I/ActivityManager(1372): Config changed: { scale=1.0 imsi=0/0 loc=en_US touch=3 keys=1/1/2 nav=1/1 orien=1 layout=268435491 uiMode=17 seq=80}
02-25 12:50:02.812: D/LatinKeyboard(1447): Setting IME options
02-25 12:50:02.867: D/IconMerger(1439): notification for com.android.systemui (1)
02-25 12:50:02.867: D/IconMerger(1439): sum of notifications: 1
02-25 12:50:03.359: E/Omap4ALSA(1291): called drain&close
02-25 12:50:04.953: D/dalvikvm(1372): GC_EXPLICIT freed 7K, 51% free 5698K/11591K, external 5114K/6386K, paused 70ms
02-25 12:50:04.976: D/LAB126(1439): got back button softkey click!
02-25 12:50:04.976: D/LAB126(1439): collapse because of back button
02-25 12:50:04.976: D/LAB126(1439): collapse softkeys
02-25 12:50:06.875: E/TiBaseActivity(7342): (main) [17201,185939] Layout cleanup.
02-25 12:50:06.937: I/LAB126(1439): StatusBarService hears intent. action: com.lab126.intent.TOP_WINDOW_CHANGED
02-25 12:50:06.937: I/LAB126(1439): window changed
02-25 12:50:08.414: W/ActivityManager(1372): Launch timeout has expired, giving up wake lock!
02-25 12:50:08.914: W/ActivityManager(1372): Activity idle timeout for HistoryRecord{4082b798 com.appcelerator.kitchensinknook/org.appcelerator.titanium.TiActivity}
02-25 12:50:09.023: W/ActivityManager(1372): Activity pause timeout for HistoryRecord{4082b798 com.appcelerator.kitchensinknook/org.appcelerator.titanium.TiActivity}
02-25 12:50:13.226: I/InputDispatcher(1372): Application is not responding: AppWindowToken{408f23d0 token=HistoryRecord{4074d560 com.appcelerator.kitchensinknook/ti.modules.titanium.ui.TiTabActivity}}. 5004.9ms since event, 5004.8ms since wait started
02-25 12:50:13.226: I/WindowManager(1372): Input event dispatching timed out sending to application AppWindowToken{408f23d0 token=HistoryRecord{4074d560 com.appcelerator.kitchensinknook/ti.modules.titanium.ui.TiTabActivity}}
02-25 12:50:13.242: I/Process(1372): Sending signal. PID: 7342 SIG: 3
02-25 12:50:13.242: I/dalvikvm(7342): threadid=4: reacting to signal 3
02-25 12:50:13.289: I/dalvikvm(7342): Wrote stack traces to '/data/anr/traces.txt'
02-25 12:50:13.289: I/Process(1372): Sending signal. PID: 1372 SIG: 3
02-25 12:50:13.289: I/dalvikvm(1372): threadid=4: reacting to signal 3
02-25 12:50:13.320: I/dalvikvm(1372): Wrote stack traces to '/data/anr/traces.txt'
02-25 12:50:13.320: I/Process(1372): Sending signal. PID: 1439 SIG: 3
02-25 12:50:13.320: I/dalvikvm(1439): threadid=4: reacting to signal 3
02-25 12:50:13.328: I/dalvikvm(1439): Wrote stack traces to '/data/anr/traces.txt'
02-25 12:50:13.687: I/LAB126(1439): StatusBarService hears intent. action: com.lab126.intent.TOP_WINDOW_CHANGED
02-25 12:50:13.687: I/LAB126(1439): window changed
02-25 12:50:13.804: D/dalvikvm(1372): JIT code cache reset in 7 ms (1048504 bytes 2/0)
02-25 12:50:13.828: D/dalvikvm(1372): GC_EXPLICIT freed 779K, 49% free 5958K/11591K, external 5114K/6386K, paused 73ms
02-25 12:50:14.406: I/Process(1372): Sending signal. PID: 1530 SIG: 3
02-25 12:50:14.406: I/Process(1372): Sending signal. PID: 1591 SIG: 3
02-25 12:50:14.414: I/Process(1372): Sending signal. PID: 7136 SIG: 3
02-25 12:50:14.429: E/ActivityManager(1372): ANR in com.appcelerator.kitchensinknook (com.appcelerator.kitchensinknook/ti.modules.titanium.ui.TiTabActivity)
02-25 12:50:14.429: E/ActivityManager(1372): Reason: keyDispatchingTimedOut
02-25 12:50:14.429: E/ActivityManager(1372): Load: 1.5 / 0.85 / 0.64
02-25 12:50:14.429: E/ActivityManager(1372): CPU usage from 7697ms to 2670ms ago:
02-25 12:50:14.429: E/ActivityManager(1372): 100% 7342/com.appcelerator.kitchensinknook: 82% user + 17% kernel / faults: 1153 minor
02-25 12:50:14.429: E/ActivityManager(1372): 2.7% 1372/system_server: 1.7% user + 0.9% kernel / faults: 1141 minor 1 major
02-25 12:50:14.429: E/ActivityManager(1372): 1.7% 7136/com.amazon.kindle.otter: 1.3% user + 0.3% kernel / faults: 8 minor
02-25 12:50:14.429: E/ActivityManager(1372): 0.5% 7/events/0: 0% user + 0.5% kernel
02-25 12:50:14.429: E/ActivityManager(1372): 0.3% 3/ksoftirqd/0: 0% user + 0.3% kernel
02-25 12:50:14.429: E/ActivityManager(1372): 0.3% 1530/com.amazon.gardemanger: 0.3% user + 0% kernel / faults: 27 minor
02-25 12:50:14.429: E/ActivityManager(1372): 0.1% 1591/com.amazon.venezia: 0.1% user + 0% kernel / faults: 31 minor
02-25 12:50:14.429: E/ActivityManager(1372): 0.1% 1291/mediaserver: 0.1% user + 0% kernel
02-25 12:50:14.429: E/ActivityManager(1372): 0% 1384/pvr_display_syn: 0% user + 0% kernel
02-25 12:50:14.429: E/ActivityManager(1372): 0.1% 1439/com.android.systemui: 0.1% user + 0% kernel
02-25 12:50:14.429: E/ActivityManager(1372): 0.1% 1447/com.android.inputmethod.latin: 0.1% user + 0% kernel
02-25 12:50:14.429: E/ActivityManager(1372): 0% 1528/com.amazon.dcp: 0% user + 0% kernel / faults: 12 minor
02-25 12:50:14.429: E/ActivityManager(1372): 60% TOTAL: 43% user + 15% kernel + 2% iowait + 0% softirq
02-25 12:50:14.429: E/ActivityManager(1372): CPU usage from 619ms to 1153ms later:
02-25 12:50:14.429: E/ActivityManager(1372): 100% 7342/com.appcelerator.kitchensinknook: 100% user + 0% kernel / faults: 3 minor
02-25 12:50:14.429: E/ActivityManager(1372): 100% 7352/KrollRuntimeThr: 100% user + 0% kernel
02-25 12:50:14.429: E/ActivityManager(1372): 13% 1372/system_server: 5.7% user + 7.6% kernel / faults: 171 minor
02-25 12:50:14.429: E/ActivityManager(1372): 5.7% 1413/InputDispatcher: 1.9% user + 3.8% kernel
02-25 12:50:14.429: E/ActivityManager(1372): 3.8% 1376/Compiler: 1.9% user + 1.9% kernel
02-25 12:50:14.429: E/ActivityManager(1372): 1.9% 1503/Binder Thread #: 1.9% user + 0% kernel
02-25 12:50:14.429: E/ActivityManager(1372): 1.9% 1523/Binder Thread #: 1.9% user + 0% kernel
02-25 12:50:14.429: E/ActivityManager(1372): 2.3% 1530/com.amazon.gardemanger: 2.3% user + 0% kernel / faults: 18 minor
02-25 12:50:14.429: E/ActivityManager(1372): 1.1% 1579/pool-1-thread-1: 1.1% user + 0% kernel
02-25 12:50:14.429: E/ActivityManager(1372): 1.1% 1585/pool-1-thread-3: 0% user + 1.1% kernel
02-25 12:50:14.429: E/ActivityManager(1372): 1.1% 1587/Binder Thread #: 1.1% user + 0% kernel
02-25 12:50:14.429: E/ActivityManager(1372): 1.1% 2226/ReceiverWorker: 0% user + 1.1% kernel
02-25 12:50:14.429: E/ActivityManager(1372): 2.4% 1591/com.amazon.venezia: 2.4% user + 0% kernel / faults: 23 minor
02-25 12:50:14.429: E/ActivityManager(1372): 2.4% 1598/Binder Thread #: 2.4% user + 0% kernel
02-25 12:50:14.429: E/ActivityManager(1372): 1.2% 1597/Binder Thread #: 1.2% user + 0% kernel
02-25 12:50:14.429: E/ActivityManager(1372): 2.7% 7136/com.amazon.kindle.otter: 1.3% user + 1.3% kernel / faults: 7 minor
02-25 12:50:14.429: E/ActivityManager(1372): 1.3% 7136/on.kindle.otter: 1.3% user + 0% kernel
02-25 12:50:14.429: E/ActivityManager(1372): 1.3% 7341/pool-7-thread-1: 1.3% user + 0% kernel
02-25 12:50:14.429: E/ActivityManager(1372): 1.3% 7868/PopulatorWorker: 1.3% user + 0% kernel
02-25 12:50:14.429: E/ActivityManager(1372): 1% 789/mmcqd: 0% user + 1% kernel
02-25 12:50:14.429: E/ActivityManager(1372): 1% 1277/jbd2/mmcblk0p10: 0% user + 1% kernel
02-25 12:50:14.429: E/ActivityManager(1372): 1.2% 1634/logcat: 0% user + 1.2% kernel
02-25 12:50:14.429: E/ActivityManager(1372): 78% TOTAL: 57% user + 9.3% kernel + 12% iowait
02-25 12:50:14.804: D/dalvikvm(1372): GC_FOR_MALLOC freed 1310K, 48% free 6091K/11591K, external 5332K/6386K, paused 61ms
02-25 12:50:14.804: I/dalvikvm-heap(1372): Grow heap (frag case) to 14.028MB for 516266-byte allocation
02-25 12:50:14.867: D/dalvikvm(1372): GC_FOR_MALLOC freed 0K, 46% free 6595K/12103K, external 5332K/6386K, paused 50ms
02-25 12:50:15.070: D/dalvikvm(1372): GC_FOR_MALLOC freed 364K, 49% free 6266K/12103K, external 5328K/6386K, paused 61ms
02-25 12:50:15.070: I/dalvikvm-heap(1372): Grow heap (frag case) to 14.441MB for 774394-byte allocation
02-25 12:50:15.132: D/dalvikvm(1372): GC_FOR_MALLOC freed 0K, 46% free 7022K/12871K, external 5328K/6386K, paused 52ms
02-25 12:50:15.195: D/dalvikvm(1372): GC_FOR_MALLOC freed 505K, 45% free 7138K/12871K, external 5328K/6386K, paused 45ms
02-25 12:50:15.562: E/TiBaseActivity(7342): (main) [8690,194629] Layout cleanup.
02-25 12:50:20.703: W/ProcessStats(1372): Skipping unknown process pid 8589
02-25 12:50:48.523: D/dalvikvm(1372): GC_CONCURRENT freed 3296K, 55% free 5855K/12871K, external 5328K/6386K, paused 2ms+4ms
02-25 12:50:48.953: D/dalvikvm(1372): GC_CONCURRENT freed 2040K, 56% free 5786K/12871K, external 5328K/6386K, paused 7ms+4ms
02-25 12:50:49.117: D/dalvikvm(1372): GC_CONCURRENT freed 2042K, 56% free 5792K/12871K, external 5328K/6386K, paused 3ms+3ms
02-25 12:50:49.296: D/dalvikvm(1372): GC_CONCURRENT freed 1958K, 56% free 5787K/12871K, external 5328K/6386K, paused 2ms+4ms
02-25 12:50:49.476: D/dalvikvm(1372): GC_CONCURRENT freed 1954K, 56% free 5762K/12871K, external 5328K/6386K, paused 2ms+3ms
02-25 12:50:49.640: D/dalvikvm(1372): GC_CONCURRENT freed 1930K, 55% free 5839K/12871K, external 5328K/6386K, paused 2ms+4ms
02-25 12:50:49.789: D/dalvikvm(1372): GC_CONCURRENT freed 2048K, 55% free 5820K/12871K, external 5328K/6386K, paused 2ms+3ms
02-25 12:50:49.890: D/dalvikvm(1372): GC_CONCURRENT freed 2068K, 55% free 5793K/12871K, external 5328K/6386K, paused 3ms+4ms
02-25 12:51:01.015: V/DeviceStorageMonitorService(1372): mTotalMemory is 11734999
02-25 12:51:06.109: W/ProcessStats(1372): Skipping unknown process pid 8598
02-25 12:51:11.210: D/dalvikvm(7696): GC_EXPLICIT freed 73K, 51% free 2896K/5831K, external 847K/1181K, paused 135ms
02-25 12:51:31.289: D/dalvikvm(7184): GC_EXPLICIT freed 327K, 47% free 3219K/6023K, external 1149K/2173K, paused 29ms
02-25 12:51:50.234: D/dalvikvm(1372): GC_CONCURRENT freed 1940K, 55% free 5859K/12871K, external 5328K/6386K, paused 6ms+12ms
02-25 12:51:50.562: D/dalvikvm(1372): GC_CONCURRENT freed 2035K, 56% free 5774K/12871K, external 5328K/6386K, paused 2ms+4ms
02-25 12:51:50.734: D/dalvikvm(1372): GC_CONCURRENT freed 2000K, 56% free 5788K/12871K, external 5328K/6386K, paused 2ms+3ms
02-25 12:51:50.906: D/dalvikvm(1372): GC_CONCURRENT freed 2059K, 56% free 5776K/12871K, external 5328K/6386K, paused 3ms+3ms
02-25 12:51:51.085: D/dalvikvm(1372): GC_CONCURRENT freed 1991K, 55% free 5809K/12871K, external 5328K/6386K, paused 2ms+3ms
02-25 12:51:51.250: D/dalvikvm(1372): GC_CONCURRENT freed 2047K, 55% free 5802K/12871K, external 5328K/6386K, paused 3ms+4ms
02-25 12:51:51.390: D/dalvikvm(1372): GC_CONCURRENT freed 2091K, 56% free 5759K/12871K, external 5328K/6386K, paused 2ms+6ms
02-25 12:51:51.515: D/dalvikvm(1372): GC_CONCURRENT freed 1970K, 55% free 5825K/12871K, external 5328K/6386K, paused 2ms+5ms
02-25 12:52:01.015: V/DeviceStorageMonitorService(1372): mTotalMemory is 11734999
02-25 12:52:12.523: I/Process(1372): Sending signal. PID: 7342 SIG: 9
02-25 12:52:12.523: W/ActivityManager(1372): Force finishing activity com.appcelerator.kitchensinknook/ti.modules.titanium.ui.TiTabActivity
02-25 12:52:12.523: I/ActivityManager(1372): Killing com.appcelerator.kitchensinknook (pid=7342): user's request
02-25 12:52:12.593: E/InputDispatcher(1372): channel '4076a350 com.appcelerator.kitchensinknook/com.appcelerator.kitchensinknook.KitchensinkNookActivity (server)' ~ Consumer closed input channel or an error occurred. events=0x8
02-25 12:52:12.593: E/InputDispatcher(1372): channel '4076a350 com.appcelerator.kitchensinknook/com.appcelerator.kitchensinknook.KitchensinkNookActivity (server)' ~ Channel is unrecoverably broken and will be disposed!
02-25 12:52:12.593: I/WindowManager(1372): WINDOW DIED Window{4076a350 com.appcelerator.kitchensinknook/com.appcelerator.kitchensinknook.KitchensinkNookActivity paused=false}
02-25 12:52:12.609: I/ActivityManager(1372): Process com.appcelerator.kitchensinknook (pid 7342) has died.
02-25 12:52:12.617: E/InputDispatcher(1372): channel '409374f0 com.appcelerator.kitchensinknook/ti.modules.titanium.ui.TiTabActivity (server)' ~ Consumer closed input channel or an error occurred. events=0x8
02-25 12:52:12.617: E/InputDispatcher(1372): channel '409374f0 com.appcelerator.kitchensinknook/ti.modules.titanium.ui.TiTabActivity (server)' ~ Channel is unrecoverably broken and will be disposed!
02-25 12:52:12.617: I/WindowManager(1372): WIN DEATH: Window{409374f0 com.appcelerator.kitchensinknook/ti.modules.titanium.ui.TiTabActivity paused=false}
02-25 12:52:12.726: W/InputManagerService(1372): Got RemoteException sending setActive(false) notification to pid 7342 uid 10024
02-25 12:52:12.781: I/LAB126(1439): StatusBarService hears intent. action: com.lab126.intent.TOP_WINDOW_CHANGED
02-25 12:52:12.781: I/LAB126(1439): window changed